culate the highest common divisor of 80 and b.
10
Suppose 0 = -2*t - 24 + 78. Let o(y) = -2*y - 11. Let l be o(-7). What is the greatest common divisor of l and t?
3
Suppose 2*n + 58 = 2*q, 3*q - 54 = q - 2*n. What is the highest common factor of q and 14?
14
Suppose 4*g - 4*o - 15 = 1, 2*g + 4*o = 2. Suppose g*q = 6*q - 12. Suppose 2*z + 2*n = 13 + 47, q*n = 4*z - 104. Calculate the highest common factor of z and 4.
4
Let c be 3/((-12)/184*1). Let h = -18 - c. Calculate the greatest common factor of h and 14.
14
Let l(u) = -u**3 - 13*u**2 + 15*u + 14. Let h be l(-14). Suppose 0 = -h*o + o - 4. What is the greatest common factor of o and 4?
4
Let n = 29 - -31. Calculate the highest common divisor of 40 and n.
20
Let l = 0 + -5. Let r be l/5 + 20 + 2. Calculate the greatest common factor of 3 and r.
3
Let d = -14 - -23. Let h(p) = p - 5. Let y be h(9). Suppose 39 = y*i + 3. Calculate the greatest common divisor of i and d.
9
Suppose -4*i + 29 = -7. Let l be (-580)/(-16) - 1/4. What is the highest common factor of i and l?
9
Let z be 0 + ((-3)/3)/1. Let q be z/(1*(-1)/14). What is the highest common divisor of q and 7?
7
Let d(n) = 7*n**2 + 7*n + 7. Let y be d(-5). Calculate the highest common divisor of 21 and y.
21
Suppose 0 = -0*y - 4*y + 164. Suppose 5*g - b = 260 + y, 0 = -2*g + 4*b + 124. Let z = 56 + -32. What is the greatest common divisor of g and z?
12
Let w(v) = -12*v - 1. Let f be w(-1). Calculate the highest common factor of 1 and f.
1
Let a = 6 + -4. Suppose 0 = 2*r + 5*i + 6 - 1, 6 = -a*r - 4*i. Let x be 129/1 + 4 + r. Calculate the highest common factor of 16 and x.
16
Let j be ((-25)/20)/((-2)/40). Calculate the highest common factor of 200 and j.
25
Let k(x) = 4 - 4 - 1 - 1 + 9*x. Let d be k(2). What is the greatest common divisor of d and 24?
8
Let o(n) = -2*n + 2. Let j be o(2). Let q(a) = a**2. Let v be q(j). Suppose 0 = -v*p + 42 - 10. What is the greatest common divisor of p and 64?
8
Let o(i) = -i + 7. Suppose 4*m + 29 + 14 = -5*k, 4*m + 29 = -3*k. Let l be o(k). What is the highest common divisor of l and 70?
14
Suppose 12 = 2*r - 6. What is the highest common factor of r and 63?
9
Suppose -4*x = 8 + 4. Let g(b) = -b**2 - 7*b - 2. Let i be g(-6). Let h = i + x. Calculate the greatest common factor of h and 1.
1
Suppose -p = -0*p. Suppose p = q + 3*q + 4. Let x = 17 - q. Calculate the highest common divisor of x and 18.
18
Suppose 3*l + 2*s + 4 = 28, 3*s + 40 = 5*l. Suppose 4*y + 18 = 3*a + 50, 0 = -y - 3*a + l. Calculate the highest common factor of 40 and y.
8
Let i be (-1)/(9/45 + 2/(-5)). Calculate the highest common factor of i and 35.
5
Let x(p) = p**2 + 6*p + 5. Let j be x(-6). Suppose 0 = -a + j*a - 64. Calculate the greatest common factor of 64 and a.
16
Suppose -4*d - 2*g = -2*d - 8, 10 = 3*d + g. What is the highest common factor of d and 3?
3
Let d be 1*0*2/(-6). Suppose d = -g - 1 + 10. Suppose -2*x + x = -g. Calculate the greatest common divisor of x and 9.
9
Let c = -10 - -50. Calculate the highest common factor of 10 and c.
10
Let x(y) = -8*y + 8. Let k be x(-6). Let h = -37 - -51. What is the greatest common factor of h and k?
14
Let g(j) = j + 5. Let r be g(-5). Suppose m = -r*m. Suppose m*o + 336 = 4*o. What is the highest common factor of o and 12?
12
Let l = 2 - 0. Suppose -j + 39 = l*j. Suppose -2*w + 29 = j. What is the highest common divisor of w and 72?
8
Let s(b) = -b**2 - 6*b + 6. Let w be s(-6). Let t = 21 - w. Let c = -8 + t. What is the greatest common divisor of 7 and c?
7
Suppose -5*v + i = -18, -2*v + 9 = -0*v - i. Let x = 45 - -11. Suppose -w - v*w = -x. Calculate the highest common factor of w and 7.
7
Let t = 47 + -7. Suppose -42 = -3*i - 0*i. Let k be 116/i + 4/(-14). Calculate the highest common factor of k and t.
8
Let k be 1 + 0 - -1 - -10. Calculate the greatest common factor of 12 and k.
12
Suppose 9 = -4*j - 7. Let p be 111/12 + j/16. What is the highest common divisor of p and 9?
9
Let f = -6 + 13. Let i be -5 + 3 - 22/(-2). Let t(w) = -w + 10. Let n be t(i). Calculate the greatest common factor of n and f.
1
Let y be 2/5 - (-5646)/10. Suppose o - 1 = 5*j + 85, -5*o = 2*j - y. Let g = -39 + o. Calculate the greatest common divisor of g and 8.
8
Let l = 2 + 30. Let w = -20 + l. What is the greatest common divisor of 12 and w?
12
Let z be ((-3)/(-3))/(2/10). What is the highest common divisor of z and 50?
5
Let v = 170 - 42. Suppose -c = -17 + 1. What is the highest common divisor of c and v?
16
Let o be 162/(-24) - 2/8. Let q = o - -25. What is the greatest common divisor of 72 and q?
18
Suppose -5*h + 15 = 0, -5*l + l + 47 = h. Calculate the highest common factor of l and 11.
11
Let h(v) = v**3 - 5*v**2 - 4*v - 7. Let i be h(6). Calculate the greatest common factor of 2 and i.
1
Suppose 78*q - 80*q + 22 = 0. Suppose -3*i + 33 = -0*i. What is the highest common factor of i and q?
11
Let x = -148 - -353. Calculate the greatest common factor of 82 and x.
41
Let z(v) = -v**3 - 10*v**2 + 10*v - 2. Let j be z(-11). Calculate the highest common factor of 81 and j.
9
Suppose 0 = 3*j - 2 + 8, 5*j + 34 = 4*y. Let q(u) = u**2 - u + 24. Let h be q(0). What is the greatest common divisor of y and h?
6
Let y be 1*(0 - -2)/2. Let d be y/(1 - 12/10). Let w be (2 + d)*4/(-6). Calculate the greatest common divisor of w and 18.
2
Let q be -2*(10/4)/(-1). Suppose -99 = -2*p - z, 8*p + q*z - 260 = 3*p. Let c = p + -31. Calculate the highest common factor of 144 and c.
16
Let s be (-4)/(-10) + 366/10. Let h = 75 + -53. Let p = s - h. Calculate the highest common factor of 3 and p.
3
Let v(j) = -j**2 + 22*j - 12. Let x be v(18). Suppose -t - w = -11, -3*t + 0*t + 4*w = -61. What is the greatest common divisor of x and t?
15
Suppose 1 + 9 = 5*l + p, 5*l = -2*p + 15. What is the greatest common divisor of l and 9?
1
Let x be (-8)/3*126/12. Let j be (36/21)/((-4)/x). Calculate the greatest common factor of j and 72.
12
Suppose 32 + 1 = 3*t. What is the highest common divisor of t and 143?
11
Suppose 2*q - 32 = -4*y, 4*y = 8*y + 5*q - 38. What is the greatest common factor of y and 77?
7
Suppose -2*z + 600 - 142 = 4*m, 0 = -5*m - 2*z + 572. Suppose m - 44 = 5*i. What is the highest common factor of i and 35?
7
Let k(v) = v**3 + 25*v**2 + 22*v - 22. Let h be k(-24). What is the highest common divisor of 286 and h?
26
Let h(r) = r**3 - r**2 - 3*r - 3. Let o be h(4). Let t be ((-1)/(-3))/(5/165). What is the highest common divisor of t and o?
11
Let t(d) = 6*d**3 - d**2 + d - 1. Let a be t(2). Calculate the highest common factor of 9 and a.
9
Suppose 4*r - 3*r - 5 = 0. What is the highest common divisor of 35 and r?
5
Let d = -4 - -5. Let b be d + 4/((-12)/9). Let k be (-4 - -5)/(b/(-16)). What is the greatest common factor of 72 and k?
8
Suppose 1 = -2*a + 13. Suppose 4*h = -4*u + 8, 6*u - 6 = 3*u - h. Suppose -d = -5*o + a, 0*d = 2*d - u*o - 12. Calculate the greatest common factor of d and 1.
1
Let a = -71 - -127. Let c = 3 - 3. Suppose 4*w + c*f - 5*f - 31 = 0, 4*w = 4*f + 36. What is the highest common divisor of a and w?
14
Let x = 24 - 14. Suppose w = -p + 3, 2*p + w - 19 = -3*p. Calculate the highest common divisor of x and p.
2
Suppose -5*w + 27 = -33. What is the greatest common divisor of w and 60?
12
Let w(t) = t**2 + 2*t - 4. Let o be w(0). Suppose -2*x + 18 = -4*x. Let n be x/o - (-4)/(-16). What is the greatest common divisor of n and 22?
2
Let r be 38 - -16 - (-3 + 0). What is the greatest common divisor of r and 38?
19
Let g be 1690/105 - 10/105. What is the highest common factor of g and 176?
16
Suppose 0 = -0*t - 2*t + 26. Let v(a) = -5*a + 6. Let f be v(-4). What is the highest common divisor of t and f?
13
Suppose 50 = 5*u - 25. Calculate the greatest common factor of 3 and u.
3
Let r be (-16)/(-7) + (-8)/28. Let s be 1/(2/12*r). Suppose 5 + 13 = s*d. What is the greatest common divisor of d and 24?
6
Suppose 26*s - 315 = 21*s. What is the greatest common factor of s and 42?
21
Let b = 1 + -1. Let s = -6 + b. Let o be 4/(s/4 + 2). Calculate the highest common factor of o and 8.
8
Let h be 2 + 1 + (-264)/(-24). Calculate the greatest common factor of h and 126.
14
Let a(m) = 7*m**2 - 1. Let w(f) = -f + 6. Let u be w(5). Let k be a(u). What is the highest common divisor of 2 and k?
2
